{"id":20,"date":"2023-11-29T09:12:54","date_gmt":"2023-11-29T09:12:54","guid":{"rendered":"https:\/\/faenzacapital.com\/?page_id=20"},"modified":"2026-04-13T10:21:57","modified_gmt":"2026-04-13T09:21:57","slug":"sobre-nosotros","status":"publish","type":"page","link":"https:\/\/faenzacapital.com\/eng\/sobre-nosotros\/","title":{"rendered":"About Us"},"content":{"rendered":"<div  class=\"tatsu-HyVf19YUa tatsu-section  tatsu-bg-overlay   tatsu-clearfix\" data-title=\"\"  data-headerscheme=\"background--dark\"><div class='tatsu-section-pad clearfix' data-padding='{\"d\":\"200px 0px 200px 0px\"}' data-padding-top='200px'><div class=\"tatsu-row-wrap  tatsu-wrap tatsu-row-has-one-half tatsu-row-has-two-cols tatsu-medium-gutter tatsu-reg-cols  tatsu-clearfix tatsu-H1xVGy5tLa\" ><div  class=\"tatsu-row\" ><div  class=\"tatsu-column  tatsu-column-no-bg tatsu-one-half tatsu-column-align-middle tatsu-column-image-none tatsu-column-effect-none  tatsu-ry7EGk9KLa\"  data-parallax-speed=\"0\" style=\"\"><div class=\"tatsu-column-inner\" ><div class=\"tatsu-column-pad-wrap\"><div class=\"tatsu-column-pad\" ><div  class=\"tatsu-module tatsu-text-block-wrap tatsu-HJJxDXrlA\"><div class=\"tatsu-text-inner tatsu-align-center tatsu-animate clearfix\" data-animation=\"fadeInRight\"  ><style>.tatsu-HJJxDXrlA.tatsu-text-block-wrap .tatsu-text-inner{width: 100%;text-align: left;}.tatsu-HJJxDXrlA.tatsu-text-block-wrap .tatsu-text-inner *{font-weight : 400;font-size : 73px;}@media only screen and (max-width: 767px) {.tatsu-HJJxDXrlA.tatsu-text-block-wrap .tatsu-text-inner *{font-weight : 400;text-transform : none;font-size : 52px;}}<\/style>\n<h2><span style=\"color: #ffffff;\">Faenza Capital<\/span><\/h2>\n<\/div><\/div><div  class=\"tatsu-module tatsu-text-block-wrap tatsu-SJSyXXGsa\"><div class=\"tatsu-text-inner tatsu-align-center  clearfix\" ><style>.tatsu-SJSyXXGsa.tatsu-text-block-wrap .tatsu-text-inner{width: 100%;text-align: left;color: rgba(255,255,255,1) ;}.tatsu-SJSyXXGsa .tatsu-text-inner *{color: rgba(255,255,255,1) ;}<\/style>\n<div dir=\"ltr\">\n<p>Faenza Capital es una firma especializada en la estructuraci\u00f3n, desarrollo y gesti\u00f3n integral de proyectos de inversi\u00f3n vinculados a activos reales.<\/p>\n<p>Desde su constituci\u00f3n en 2023, la firma ha impulsado distintos proyectos en los sectores agr\u00edcola e inmobiliario, desarrollando un modelo operativo basado en la ejecuci\u00f3n directa y la coordinaci\u00f3n de todos los elementos necesarios para cada inversi\u00f3n.<\/p>\n<p>En el \u00e1mbito agr\u00edcola, Faenza Capital ha desarrollado proyectos de plantaciones de pistacho en distintas zonas de Espa\u00f1a, consolidando un modelo de gesti\u00f3n integral del activo. Con el lanzamiento de su \u00faltimo proyecto, el volumen acumulado de inversi\u00f3n en el sector agro supera los 13 millones de euros.<\/p>\n<p>El modelo de la firma se basa en la identificaci\u00f3n de oportunidades, la selecci\u00f3n rigurosa de activos y la colaboraci\u00f3n con operadores especializados.<\/p>\n<p>En paralelo, en el sector inmobiliario, Faenza Capital identifica y gestiona activos con potencial de revalorizaci\u00f3n y generaci\u00f3n de ingresos, aplicando criterios de eficiencia y sostenibilidad.<\/p>\n<p>Faenza Capital act\u00faa como coordinador y gestor de cada proyecto, asegurando una ejecuci\u00f3n ordenada y eficiente en todas sus fases.<\/p>\n<p>Este enfoque permite abordar cada inversi\u00f3n de forma estructurada, alineando la selecci\u00f3n, el desarrollo y la gesti\u00f3n del activo bajo una misma estrategia.<\/p>\n<\/div>\n<\/div><\/div><\/div><\/div><div class = \"tatsu-column-bg-image-wrap\"><div class = \"tatsu-column-bg-image\" ><\/div><\/div><\/div><style>.tatsu-row > .tatsu-ry7EGk9KLa.tatsu-column{width: 74.7%;}.tatsu-ry7EGk9KLa.tatsu-column > .tatsu-column-inner > .tatsu-column-overlay{mix-blend-mode: none;}.tatsu-ry7EGk9KLa > .tatsu-column-inner > .tatsu-top-divider{z-index: 9999;}.tatsu-ry7EGk9KLa > .tatsu-column-inner > .tatsu-bottom-divider{z-index: 9999;}.tatsu-ry7EGk9KLa > .tatsu-column-inner > .tatsu-left-divider{z-index: 9999;}.tatsu-ry7EGk9KLa > .tatsu-column-inner > .tatsu-right-divider{z-index: 9999;}@media only screen and (min-width:768px) and (max-width: 1024px) {.tatsu-row > .tatsu-ry7EGk9KLa.tatsu-column{width: 85.5%;}}@media only screen and (max-width: 767px) {.tatsu-row > .tatsu-ry7EGk9KLa.tatsu-column{width: 100%;}}<\/style><\/div><div  class=\"tatsu-column  tatsu-column-no-bg tatsu-column-empty tatsu-one-half tatsu-animate tatsu-column-align-middle tatsu-column-image-none tatsu-column-effect-none  tatsu-HJWEfyctIa\" data-animation=\"bounceInLeft\"   data-parallax-speed=\"0\" style=\"\"><div class=\"tatsu-column-inner\" ><div class=\"tatsu-column-pad-wrap\"><div class=\"tatsu-column-pad\" ><\/div><\/div><div class = \"tatsu-column-bg-image-wrap\"><div class = \"tatsu-column-bg-image\" ><\/div><\/div><\/div><style>.tatsu-row > .tatsu-HJWEfyctIa.tatsu-column{width: 25.3%;}.tatsu-HJWEfyctIa.tatsu-column > .tatsu-column-inner > .tatsu-column-overlay{mix-blend-mode: none;}.tatsu-HJWEfyctIa > .tatsu-column-inner > .tatsu-top-divider{z-index: 9999;}.tatsu-HJWEfyctIa > .tatsu-column-inner > .tatsu-bottom-divider{z-index: 9999;}.tatsu-HJWEfyctIa > .tatsu-column-inner > .tatsu-left-divider{z-index: 9999;}.tatsu-HJWEfyctIa > .tatsu-column-inner > .tatsu-right-divider{z-index: 9999;}@media only screen and (max-width: 767px) {.tatsu-row > .tatsu-HJWEfyctIa.tatsu-column{width: 100%;}}<\/style><\/div><\/div><\/div><\/div><div class=\"tatsu-section-background-wrap\"><div class = \"tatsu-section-background\" ><\/div><\/div><div class=\"tatsu-overlay tatsu-section-overlay\"><\/div><style>.tatsu-HyVf19YUa.tatsu-section{background-color: rgba(255,255,255,1);}.tatsu-HyVf19YUa .tatsu-section-background{background-image: url(https:\/\/faenzacapital.com\/wp-content\/uploads\/2025\/08\/Sobre-Nosotros.jpg);background-repeat: no-repeat;background-attachment: fixed;background-position: top left;background-size: cover;}.tatsu-HyVf19YUa .tatsu-bg-blur{background-repeat: no-repeat;background-attachment: fixed;background-position: top left;background-size: cover;}.tatsu-HyVf19YUa .tatsu-section-pad{padding: 200px 0px 200px 0px;}.tatsu-HyVf19YUa > .tatsu-bottom-divider{z-index: 9999;}.tatsu-HyVf19YUa > .tatsu-top-divider{z-index: 9999;}.tatsu-HyVf19YUa .tatsu-section-overlay{background: linear-gradient(180deg, rgba(255,255,255,0) 0%, rgba(45,55,69,0.3) 38%, rgba(45,55,69,1) 100%);mix-blend-mode: normal;}<\/style><\/div><div  class=\"tatsu-r1J0PpY86 tatsu-section  tatsu-hide-0 tatsu-hide-desktop tatsu-hide-laptop tatsu-hide-tablet tatsu-hide-mobile   tatsu-clearfix\" data-title=\"\"  data-headerscheme=\"background--dark\"><div class='tatsu-section-pad clearfix' data-padding='{\"d\":\"150px 0px 150px 0px\",\"t\":\"120px 0px 150px 0px\"}' data-padding-top='150px'><div class=\"tatsu-row-wrap  tatsu-wrap tatsu-row-has-one-half tatsu-row-has-two-cols tatsu-medium-gutter tatsu-reg-cols  tatsu-clearfix tatsu-Hkl1Aw6FIa\" ><div  class=\"tatsu-row\" ><div  class=\"tatsu-column  tatsu-column-no-bg tatsu-one-half tatsu-column-align-middle tatsu-column-image-none tatsu-column-effect-none  tatsu-rk-1CvptUp\"  data-parallax-speed=\"0\" style=\"\"><div class=\"tatsu-column-inner\" ><div class=\"tatsu-column-pad-wrap\"><div class=\"tatsu-column-pad\" ><div  class=\"tatsu-module tatsu-text-block-wrap tatsu-rykSw7Sx0\"><div class=\"tatsu-text-inner tatsu-align-center tatsu-animate clearfix\" data-animation=\"fadeInLeft\"  ><style>.tatsu-rykSw7Sx0.tatsu-text-block-wrap .tatsu-text-inner{width: 100%;text-align: left;}.tatsu-rykSw7Sx0.tatsu-text-block-wrap .tatsu-text-inner *{font-weight : 400;font-size : 42px;}<\/style>\n<h2><span style=\"color: #ffffff;\">Our partners:<\/span><\/h2>\n<\/div><\/div><div  class=\"tatsu-module tatsu-text-block-wrap tatsu-H1CJ9aYI6\"><div class=\"tatsu-text-inner tatsu-align-center  clearfix\" ><style>.tatsu-H1CJ9aYI6.tatsu-text-block-wrap .tatsu-text-inner{width: 100%;text-align: left;color: rgba(255,255,255,1) ;}.tatsu-H1CJ9aYI6 .tatsu-text-inner *{color: rgba(255,255,255,1) ;}<\/style>\n<ul style=\"font-weight: 400;\">\n<li>\n<p class=\"p1\"><span class=\"s1\"><strong>Iberopistacho Group. <\/strong><\/span><span class=\"s2\">\u00a0We share the management of our pistachio projects with the leading company in the sector, who takes care of all operational aspects, from land selection to fruit harvesting and marketing.<\/span><\/p>\n<\/li>\n<li>\n<p class=\"p2\"><span class=\"s1\"><b>Glezco Advisors and Consultants.<\/b> We rely on them for business, accounting, tax, and financial advice for all the projects we execute.\u00a0<\/span><\/p>\n<\/li>\n<\/ul>\n<\/div><\/div>\n\t\t<div  class=\"tatsu-module tatsu-gradient-button tatsu-button-container tatsu-medium-button  tatsu-rk_kY6FIp\">\n\t\t\t<div class=\"tatsu-button-wrap\" >\n\t\t\t\t<a class=\"tatsu-button tatsu-custom-button-size  mediumbtn\" href=\"https:\/\/faenzacapital.com\/eng\/nuestro-proyecto\/\" data-gdpr-atts=\"{}\" >\n\t\t\t\t\t<span class=\"tatsu-button-text\" data-text=\"Nuestros Proyectos\"><span class=\"default\">Our Projects<\/span><\/span>\n\t\t\t\t<\/a> \n\t\t\t<\/div>\n\t\t\t<style>.tatsu-rk_kY6FIp .tatsu-button:after{background-color: rgba(140,113,67,1);}.tatsu-rk_kY6FIp .tatsu-button:before{background-color: #ffffff;}.tatsu-rk_kY6FIp .tatsu-button-text span{color: #ffffff ;}.tatsu-rk_kY6FIp .tatsu-button-text:after{color: rgba(140,113,67,1) ;}<\/style>\n\t\t<\/div><\/div><\/div><div class = \"tatsu-column-bg-image-wrap\"><div class = \"tatsu-column-bg-image\" ><\/div><\/div><\/div><style>.tatsu-row > .tatsu-rk-1CvptUp.tatsu-column{width: 50%;}.tatsu-rk-1CvptUp.tatsu-column > .tatsu-column-inner > .tatsu-column-overlay{mix-blend-mode: none;}.tatsu-rk-1CvptUp > .tatsu-column-inner > .tatsu-top-divider{z-index: 9999;}.tatsu-rk-1CvptUp > .tatsu-column-inner > .tatsu-bottom-divider{z-index: 9999;}.tatsu-rk-1CvptUp > .tatsu-column-inner > .tatsu-left-divider{z-index: 9999;}.tatsu-rk-1CvptUp > .tatsu-column-inner > .tatsu-right-divider{z-index: 9999;}@media only screen and (max-width: 767px) {.tatsu-row > .tatsu-rk-1CvptUp.tatsu-column{width: 100%;}}<\/style><\/div><div  class=\"tatsu-column  tatsu-one-half tatsu-animate tatsu-column-align-middle tatsu-column-parallax tatsu-column-image-none tatsu-column-effect-none  tatsu-HJ41CwTtLp\" data-animation=\"fadeInRightBig\"   data-parallax-speed=\"1\" style=\"\"><div class=\"tatsu-column-inner\" ><div class=\"tatsu-column-pad-wrap\"><div class=\"tatsu-column-pad\" ><div  class=\"tatsu-single-image tatsu-module tatsu-external-image tatsu-B1r1APaKUp\" ><div class=\"tatsu-single-image-inner\" style=\"\" ><div class = \"tatsu-single-image-padding-wrap\" style = \"\" ><\/div><img class = \"tatsu-gradient-border\" src = \"\" alt =\" \"  \/><\/div><style>.tatsu-B1r1APaKUp{margin: 0px 0px 0px 0px;}.tatsu-B1r1APaKUp .tatsu-single-image-inner{border-style: solid;max-width: 100%;}.tatsu-B1r1APaKUp.tatsu-single-image{transform: translate3d(0px,0px, 0);}<\/style><\/div><div  class=\"tatsu-empty-space  tatsu-rJqvdTFU6\" ><style>.tatsu-rJqvdTFU6.tatsu-empty-space{height: 500px;}@media only screen and (min-width:768px) and (max-width: 1024px) {.tatsu-rJqvdTFU6.tatsu-empty-space{height: 400px;}}<\/style><\/div><\/div><\/div><div class = \"tatsu-column-bg-image-wrap\"><div class = \"tatsu-column-bg-image\" ><\/div><\/div><\/div><style>.tatsu-row > .tatsu-HJ41CwTtLp.tatsu-column{width: 50%;}.tatsu-HJ41CwTtLp.tatsu-column > .tatsu-column-inner > .tatsu-column-bg-image-wrap > .tatsu-column-bg-image{background-image: url(https:\/\/faenzacapital.com\/wp-content\/uploads\/2023\/12\/Finca-Amanecer.jpeg);background-repeat: no-repeat;background-attachment: scroll;background-position: center center;background-size: cover;}.tatsu-HJ41CwTtLp.tatsu-column > .tatsu-column-inner > .tatsu-bg-blur{background-repeat: no-repeat;background-attachment: scroll;background-position: center center;background-size: cover;}.tatsu-HJ41CwTtLp.tatsu-column > .tatsu-column-inner > .tatsu-column-overlay{mix-blend-mode: none;}.tatsu-HJ41CwTtLp > .tatsu-column-inner > .tatsu-top-divider{z-index: 9999;}.tatsu-HJ41CwTtLp > .tatsu-column-inner > .tatsu-bottom-divider{z-index: 9999;}.tatsu-HJ41CwTtLp > .tatsu-column-inner > .tatsu-left-divider{z-index: 9999;}.tatsu-HJ41CwTtLp > .tatsu-column-inner > .tatsu-right-divider{z-index: 9999;}@media only screen and (max-width: 767px) {.tatsu-row > .tatsu-HJ41CwTtLp.tatsu-column{width: 100%;}}<\/style><\/div><\/div><\/div><\/div><div class=\"tatsu-section-background-wrap\"><div class = \"tatsu-section-background\" ><\/div><\/div><style>.tatsu-r1J0PpY86.tatsu-section{background-color: rgba(45,55,69,1);}.tatsu-r1J0PpY86 .tatsu-section-pad{padding: 150px 0px 150px 0px;}.tatsu-r1J0PpY86 > .tatsu-bottom-divider{z-index: 9999;}.tatsu-r1J0PpY86 > .tatsu-top-divider{z-index: 9999;}@media only screen and (min-width:768px) and (max-width: 1024px) {.tatsu-r1J0PpY86 .tatsu-section-pad{padding: 120px 0px 150px 0px;}}<\/style><\/div><div  class=\"tatsu-hmuiev2y28766m2s tatsu-section  tatsu-bg-overlay   tatsu-clearfix\" data-title=\"\"  data-headerscheme=\"background--dark\"><div class='tatsu-section-pad clearfix' data-padding='{\"d\":\"199px 0px 300px 0px\",\"l\":\"100px 0px 100px 0px\",\"m\":\"199px 0px 300px 0px\"}' data-padding-top='199px'><div class=\"tatsu-row-wrap  tatsu-wrap tatsu-row-has-one-half tatsu-row-has-two-cols tatsu-medium-gutter tatsu-reg-cols  tatsu-clearfix tatsu-hmuiev2y4t7tqdaw\" ><div  class=\"tatsu-row\" ><div  class=\"tatsu-column  tatsu-bg-overlay tatsu-one-half tatsu-column-image-none tatsu-column-effect-none  tatsu-hmuiev2y847u3ixo\"  data-parallax-speed=\"0\" style=\"\"><div class=\"tatsu-column-inner\" ><div class=\"tatsu-column-pad-wrap\"><div class=\"tatsu-column-pad\" ><div  class=\"tatsu-module tatsu-text-block-wrap tatsu-HJ1dDQHeA\"><div class=\"tatsu-text-inner tatsu-align-center tatsu-animate clearfix\" data-animation=\"fadeIn\"  ><style>.tatsu-HJ1dDQHeA.tatsu-text-block-wrap .tatsu-text-inner{width: 100%;text-align: left;}.tatsu-HJ1dDQHeA.tatsu-text-block-wrap .tatsu-text-inner *{font-weight : 400;font-size : 55px;}@media only screen and (max-width: 767px) {.tatsu-HJ1dDQHeA.tatsu-text-block-wrap .tatsu-text-inner *{font-weight : 400;text-transform : none;font-size : 47px;}}<\/style>\n<h2><span style=\"color: #ffffff;\">Let's talk about your investment project.<\/span><\/h2>\n<\/div><\/div><div  class=\"tatsu-module tatsu-text-block-wrap tatsu-hmuiev2ybq9pp9vj\"><div class=\"tatsu-text-inner tatsu-align-center tatsu-animate clearfix\" data-animation=\"fadeIn\"  ><style>.tatsu-hmuiev2ybq9pp9vj.tatsu-text-block-wrap .tatsu-text-inner{width: 100%;text-align: left;color: rgba(255,255,255,1) ;}.tatsu-hmuiev2ybq9pp9vj .tatsu-text-inner *{color: rgba(255,255,255,1) ;}.tatsu-hmuiev2ybq9pp9vj.tatsu-text-block-wrap .tatsu-text-inner *{font-weight : 400;}<\/style>\n<p class=\"p1\"><span class=\"s1\">Contacta con nosotros y te contaremos c\u00f3mo trabajamos y los proyectos que estamos desarrollando.<\/span><\/p>\n<\/div><\/div>\n\t\t<div  class=\"tatsu-module tatsu-gradient-button tatsu-button-container tatsu-large-button align-block block-left tatsu-hmuiev2yen8vk8ww\">\n\t\t\t<div class=\"tatsu-button-wrap\" >\n\t\t\t\t<a class=\"tatsu-button tatsu-custom-button-size  largebtn\" href=\"https:\/\/faenzacapital.com\/eng\/contacto\/\" data-gdpr-atts=\"{}\" target=\"_blank\">\n\t\t\t\t\t<span class=\"tatsu-button-text\" data-text=\"Solicitar informaci\u00f3n\"><span class=\"default\">Solicitar informaci\u00f3n<\/span><\/span>\n\t\t\t\t<\/a> \n\t\t\t<\/div>\n\t\t\t<style>.tatsu-hmuiev2yen8vk8ww .tatsu-button:after{background-color: #ffffff;}.tatsu-hmuiev2yen8vk8ww .tatsu-button:before{background-color: rgba(45,55,69,1);}.tatsu-hmuiev2yen8vk8ww .tatsu-button-text span{color: rgba(45,55,69,1) ;}.tatsu-hmuiev2yen8vk8ww .tatsu-button-text:after{color: rgba(255,255,255,1) ;}.tatsu-hmuiev2yen8vk8ww.tatsu-button-container{margin: 0px 0px 10px 0px;}<\/style>\n\t\t<\/div><\/div><\/div><div class = \"tatsu-column-bg-image-wrap\"><div class = \"tatsu-column-bg-image\" ><\/div><\/div><div class=\"tatsu-overlay tatsu-column-overlay tatsu-animate-none\" ><\/div><\/div><style>.tatsu-row > .tatsu-hmuiev2y847u3ixo.tatsu-column{width: 83.3%;}.tatsu-hmuiev2y847u3ixo.tatsu-column > .tatsu-column-inner > .tatsu-column-overlay{mix-blend-mode: normal;}.tatsu-hmuiev2y847u3ixo > .tatsu-column-inner > .tatsu-top-divider{z-index: 9999;}.tatsu-hmuiev2y847u3ixo > .tatsu-column-inner > .tatsu-bottom-divider{z-index: 9999;}.tatsu-hmuiev2y847u3ixo > .tatsu-column-inner > .tatsu-left-divider{z-index: 9999;}.tatsu-hmuiev2y847u3ixo > .tatsu-column-inner > .tatsu-right-divider{z-index: 9999;}@media only screen and (max-width:1377px) {.tatsu-row > .tatsu-hmuiev2y847u3ixo.tatsu-column{width: 63.6%;}}@media only screen and (min-width:768px) and (max-width: 1024px) {.tatsu-row > .tatsu-hmuiev2y847u3ixo.tatsu-column{width: 87.3%;}}@media only screen and (max-width: 767px) {.tatsu-row > .tatsu-hmuiev2y847u3ixo.tatsu-column{width: 100%;}}<\/style><\/div><div  class=\"tatsu-column  tatsu-bg-overlay tatsu-column-empty tatsu-one-half tatsu-column-image-none tatsu-column-effect-none  tatsu-hmuiev2ygte2x8oh\"  data-parallax-speed=\"0\" style=\"\"><div class=\"tatsu-column-inner\" ><div class=\"tatsu-column-pad-wrap\"><div class=\"tatsu-column-pad\" ><\/div><\/div><div class = \"tatsu-column-bg-image-wrap\"><div class = \"tatsu-column-bg-image\" ><\/div><\/div><div class=\"tatsu-overlay tatsu-column-overlay tatsu-animate-none\" ><\/div><\/div><style>.tatsu-row > .tatsu-hmuiev2ygte2x8oh.tatsu-column{width: 16.7%;}.tatsu-hmuiev2ygte2x8oh.tatsu-column > .tatsu-column-inner > .tatsu-column-overlay{mix-blend-mode: normal;}.tatsu-hmuiev2ygte2x8oh > .tatsu-column-inner > .tatsu-top-divider{z-index: 9999;}.tatsu-hmuiev2ygte2x8oh > .tatsu-column-inner > .tatsu-bottom-divider{z-index: 9999;}.tatsu-hmuiev2ygte2x8oh > .tatsu-column-inner > .tatsu-left-divider{z-index: 9999;}.tatsu-hmuiev2ygte2x8oh > .tatsu-column-inner > .tatsu-right-divider{z-index: 9999;}@media only screen and (max-width:1377px) {.tatsu-row > .tatsu-hmuiev2ygte2x8oh.tatsu-column{width: 50%;}}@media only screen and (min-width:768px) and (max-width: 1024px) {.tatsu-row > .tatsu-hmuiev2ygte2x8oh.tatsu-column{width: 50%;}}@media only screen and (max-width: 767px) {.tatsu-row > .tatsu-hmuiev2ygte2x8oh.tatsu-column{width: 100%;}}<\/style><\/div><\/div><\/div><\/div><div class=\"tatsu-section-background-wrap\"><div class = \"tatsu-section-background\" ><\/div><\/div><div class=\"tatsu-overlay tatsu-section-overlay\"><\/div><style>.tatsu-hmuiev2y28766m2s .tatsu-section-pad{padding: 199px 0px 300px 0px;}.tatsu-hmuiev2y28766m2s .tatsu-section-offset-wrap{transform: translateY(-0px);}.tatsu-hmuiev2y28766m2s > .tatsu-bottom-divider{z-index: 9999;}.tatsu-hmuiev2y28766m2s > .tatsu-top-divider{z-index: 9999;}.tatsu-hmuiev2y28766m2s .tatsu-section-overlay{background: rgba(45,55,69,1);mix-blend-mode: normal;}@media only screen and (max-width:1377px) {.tatsu-hmuiev2y28766m2s .tatsu-section-pad{padding: 100px 0px 100px 0px;}}@media only screen and (max-width: 767px) {.tatsu-hmuiev2y28766m2s .tatsu-section-pad{padding: 199px 0px 300px 0px;}}<\/style><\/div>","protected":false},"excerpt":{"rendered":"<p><a href=\"https:\/\/faenzacapital.com\/eng\/sobre-nosotros\/\" class=\"more-link style2-button\">Read More<\/a><\/p>","protected":false},"author":1,"featured_media":0,"parent":0,"menu_order":0,"comment_status":"closed","ping_status":"closed","template":"","meta":{"rs_blank_template":"","rs_page_bg_color":"","slide_template_v7":"","footnotes":""},"class_list":["post-20","page","type-page","status-publish","hentry"],"yoast_head":"<!-- This site is optimized with the Yoast SEO plugin v27.3 - https:\/\/yoast.com\/product\/yoast-seo-wordpress\/ -->\n<title>Sobre Nosotros - Faenza Capital<\/title>\n<meta name=\"robots\" content=\"index, follow, max-snippet:-1, max-image-preview:large, max-video-preview:-1\" \/>\n<link rel=\"canonical\" href=\"https:\/\/faenzacapital.com\/eng\/sobre-nosotros\/\" \/>\n<meta property=\"og:locale\" content=\"en_GB\" \/>\n<meta property=\"og:type\" content=\"article\" \/>\n<meta property=\"og:title\" content=\"Sobre Nosotros - Faenza Capital\" \/>\n<meta property=\"og:url\" content=\"https:\/\/faenzacapital.com\/eng\/sobre-nosotros\/\" \/>\n<meta property=\"og:site_name\" content=\"Faenza Capital\" \/>\n<meta property=\"article:modified_time\" content=\"2026-04-13T09:21:57+00:00\" \/>\n<meta name=\"twitter:card\" content=\"summary_large_image\" \/>\n<meta name=\"twitter:label1\" content=\"Estimated reading time\" \/>\n\t<meta name=\"twitter:data1\" content=\"18 minutes\" \/>\n<script type=\"application\/ld+json\" class=\"yoast-schema-graph\">{\"@context\":\"https:\\\/\\\/schema.org\",\"@graph\":[{\"@type\":\"WebPage\",\"@id\":\"https:\\\/\\\/faenzacapital.com\\\/sobre-nosotros\\\/\",\"url\":\"https:\\\/\\\/faenzacapital.com\\\/sobre-nosotros\\\/\",\"name\":\"Sobre Nosotros - Faenza Capital\",\"isPartOf\":{\"@id\":\"https:\\\/\\\/faenzacapital.com\\\/#website\"},\"datePublished\":\"2023-11-29T09:12:54+00:00\",\"dateModified\":\"2026-04-13T09:21:57+00:00\",\"breadcrumb\":{\"@id\":\"https:\\\/\\\/faenzacapital.com\\\/sobre-nosotros\\\/#breadcrumb\"},\"inLanguage\":\"en-GB\",\"potentialAction\":[{\"@type\":\"ReadAction\",\"target\":[\"https:\\\/\\\/faenzacapital.com\\\/sobre-nosotros\\\/\"]}]},{\"@type\":\"BreadcrumbList\",\"@id\":\"https:\\\/\\\/faenzacapital.com\\\/sobre-nosotros\\\/#breadcrumb\",\"itemListElement\":[{\"@type\":\"ListItem\",\"position\":1,\"name\":\"Portada\",\"item\":\"https:\\\/\\\/faenzacapital.com\\\/\"},{\"@type\":\"ListItem\",\"position\":2,\"name\":\"Sobre Nosotros\"}]},{\"@type\":\"WebSite\",\"@id\":\"https:\\\/\\\/faenzacapital.com\\\/#website\",\"url\":\"https:\\\/\\\/faenzacapital.com\\\/\",\"name\":\"Faenza Capital\",\"description\":\"\",\"publisher\":{\"@id\":\"https:\\\/\\\/faenzacapital.com\\\/#organization\"},\"potentialAction\":[{\"@type\":\"SearchAction\",\"target\":{\"@type\":\"EntryPoint\",\"urlTemplate\":\"https:\\\/\\\/faenzacapital.com\\\/?s={search_term_string}\"},\"query-input\":{\"@type\":\"PropertyValueSpecification\",\"valueRequired\":true,\"valueName\":\"search_term_string\"}}],\"inLanguage\":\"en-GB\"},{\"@type\":\"Organization\",\"@id\":\"https:\\\/\\\/faenzacapital.com\\\/#organization\",\"name\":\"Faenza Capital\",\"url\":\"https:\\\/\\\/faenzacapital.com\\\/\",\"logo\":{\"@type\":\"ImageObject\",\"inLanguage\":\"en-GB\",\"@id\":\"https:\\\/\\\/faenzacapital.com\\\/#\\\/schema\\\/logo\\\/image\\\/\",\"url\":\"https:\\\/\\\/faenzacapital.com\\\/wp-content\\\/uploads\\\/2023\\\/11\\\/Faenza-Capital_color.png\",\"contentUrl\":\"https:\\\/\\\/faenzacapital.com\\\/wp-content\\\/uploads\\\/2023\\\/11\\\/Faenza-Capital_color.png\",\"width\":200,\"height\":167,\"caption\":\"Faenza Capital\"},\"image\":{\"@id\":\"https:\\\/\\\/faenzacapital.com\\\/#\\\/schema\\\/logo\\\/image\\\/\"},\"sameAs\":[\"https:\\\/\\\/www.linkedin.com\\\/company\\\/faenza-capital\\\/\"]}]}<\/script>\n<!-- \/ Yoast SEO plugin. -->","yoast_head_json":{"title":"Sobre Nosotros - Faenza Capital","robots":{"index":"index","follow":"follow","max-snippet":"max-snippet:-1","max-image-preview":"max-image-preview:large","max-video-preview":"max-video-preview:-1"},"canonical":"https:\/\/faenzacapital.com\/eng\/sobre-nosotros\/","og_locale":"en_GB","og_type":"article","og_title":"Sobre Nosotros - Faenza Capital","og_url":"https:\/\/faenzacapital.com\/eng\/sobre-nosotros\/","og_site_name":"Faenza Capital","article_modified_time":"2026-04-13T09:21:57+00:00","twitter_card":"summary_large_image","twitter_misc":{"Estimated reading time":"18 minutes"},"schema":{"@context":"https:\/\/schema.org","@graph":[{"@type":"WebPage","@id":"https:\/\/faenzacapital.com\/sobre-nosotros\/","url":"https:\/\/faenzacapital.com\/sobre-nosotros\/","name":"Sobre Nosotros - Faenza Capital","isPartOf":{"@id":"https:\/\/faenzacapital.com\/#website"},"datePublished":"2023-11-29T09:12:54+00:00","dateModified":"2026-04-13T09:21:57+00:00","breadcrumb":{"@id":"https:\/\/faenzacapital.com\/sobre-nosotros\/#breadcrumb"},"inLanguage":"en-GB","potentialAction":[{"@type":"ReadAction","target":["https:\/\/faenzacapital.com\/sobre-nosotros\/"]}]},{"@type":"BreadcrumbList","@id":"https:\/\/faenzacapital.com\/sobre-nosotros\/#breadcrumb","itemListElement":[{"@type":"ListItem","position":1,"name":"Portada","item":"https:\/\/faenzacapital.com\/"},{"@type":"ListItem","position":2,"name":"Sobre Nosotros"}]},{"@type":"WebSite","@id":"https:\/\/faenzacapital.com\/#website","url":"https:\/\/faenzacapital.com\/","name":"Faenza Capital","description":"","publisher":{"@id":"https:\/\/faenzacapital.com\/#organization"},"potentialAction":[{"@type":"SearchAction","target":{"@type":"EntryPoint","urlTemplate":"https:\/\/faenzacapital.com\/?s={search_term_string}"},"query-input":{"@type":"PropertyValueSpecification","valueRequired":true,"valueName":"search_term_string"}}],"inLanguage":"en-GB"},{"@type":"Organization","@id":"https:\/\/faenzacapital.com\/#organization","name":"Faenza Capital","url":"https:\/\/faenzacapital.com\/","logo":{"@type":"ImageObject","inLanguage":"en-GB","@id":"https:\/\/faenzacapital.com\/#\/schema\/logo\/image\/","url":"https:\/\/faenzacapital.com\/wp-content\/uploads\/2023\/11\/Faenza-Capital_color.png","contentUrl":"https:\/\/faenzacapital.com\/wp-content\/uploads\/2023\/11\/Faenza-Capital_color.png","width":200,"height":167,"caption":"Faenza Capital"},"image":{"@id":"https:\/\/faenzacapital.com\/#\/schema\/logo\/image\/"},"sameAs":["https:\/\/www.linkedin.com\/company\/faenza-capital\/"]}]}},"_links":{"self":[{"href":"https:\/\/faenzacapital.com\/eng\/wp-json\/wp\/v2\/pages\/20","targetHints":{"allow":["GET"]}}],"collection":[{"href":"https:\/\/faenzacapital.com\/eng\/wp-json\/wp\/v2\/pages"}],"about":[{"href":"https:\/\/faenzacapital.com\/eng\/wp-json\/wp\/v2\/types\/page"}],"author":[{"embeddable":true,"href":"https:\/\/faenzacapital.com\/eng\/wp-json\/wp\/v2\/users\/1"}],"replies":[{"embeddable":true,"href":"https:\/\/faenzacapital.com\/eng\/wp-json\/wp\/v2\/comments?post=20"}],"version-history":[{"count":44,"href":"https:\/\/faenzacapital.com\/eng\/wp-json\/wp\/v2\/pages\/20\/revisions"}],"predecessor-version":[{"id":1574,"href":"https:\/\/faenzacapital.com\/eng\/wp-json\/wp\/v2\/pages\/20\/revisions\/1574"}],"wp:attachment":[{"href":"https:\/\/faenzacapital.com\/eng\/wp-json\/wp\/v2\/media?parent=20"}],"curies":[{"name":"wp","href":"https:\/\/api.w.org\/{rel}","templated":true}]}}